
Convert 455 (base 8) to base 10.
301
Convert 9676 (base 11) to base 10.
12788
15001 (base 6) to base 11
1871
What is -1401a (base 11) in base 15?
-5dc6
Convert 2002001 (base 3) to base 5.
22023
-d307 (base 16) to base 4
-31030013
Convert -110111010 (base 2) to base 10.
-442
What is 20267 (base 8) in base 3?
102111012
c25 (base 15) to base 14
dd5
-3643 (base 11) to base 2
-1001010011110
-110111001100 (base 2) to base 13
-17b9
Convert -210113 (base 5) to base 8.
-15374
Convert 4240 (base 8) to base 4.
202200
Convert 43 (base 5) to base 7.
32
Convert -4055 (base 7) to base 16.
-584
-1348 (base 13) to base 12
-1724
125351 (base 6) to base 14
4319
-798 (base 14) to base 4
-113202
-3252 (base 6) to base 15
-352
-2432 (base 9) to base 3
-2111002
12110321 (base 4) to base 13
ba44
Convert -34213 (base 5) to base 14.
-c5b
Convert -334535 (base 6) to base 9.
-42715
What is 416 (base 10) in base 12?
2a8
Convert 1010021 (base 5) to base 8.
37605
-2753 (base 11) to base 8
-6757
What is -262 (base 7) in base 10?
-142
What is -112210002 (base 3) in base 4?
-2220113
-35341 (base 8) to base 10
-15073
What is a9 (base 12) in base 11?
108
442 (base 9) to base 13
21b
Convert -179 (base 16) to base 4.
-11321
Convert -14413 (base 6) to base 10.
-2313
1002111122 (base 3) to base 14
7ba5
2b8e (base 15) to base 11
7039
What is -1b73 (base 12) in base 14?
-134b
What is -11226 (base 7) in base 10?
-2862
264522 (base 7) to base 11
3433a
-3003111 (base 4) to base 12
-7299
What is 100001100101110 (base 2) in base 5?
1022243
Convert -34 (base 7) to base 3.
-221
-a99 (base 14) to base 5
-31340
8d9 (base 15) to base 13
bb2
Convert -4a6d (base 15) to base 4.
-3313231
What is -2213310 (base 4) in base 6?
-121420
Convert 1000 (base 5) to base 11.
104
Convert 1043 (base 9) to base 11.
639
-12633 (base 9) to base 13
-3b67
-100102020 (base 3) to base 8
-15320
322111 (base 4) to base 11
2894
-2010002020 (base 3) to base 15
-c4e3
Convert 10022001 (base 3) to base 12.
1484
What is 1813 (base 13) in base 15?
10ca
Convert 2106 (base 10) to base 5.
31411
What is 1351 (base 8) in base 5?
10440
Convert -22631 (base 7) to base 15.
-1abe
Convert 405105 (base 7) to base 9.
114573
Convert 111313 (base 4) to base 16.
577
Convert -1519 (base 10) to base 7.
-4300
What is 86a (base 11) in base 14?
548
Convert f78 (base 16) to base 4.
331320
Convert 794 (base 15) to base 3.
2100111
Convert -1101000100110 (base 2) to base 11.
-5036
12373 (base 9) to base 3
102102110
Convert 420c (base 15) to base 9.
21133
-1440 (base 5) to base 8
-365
-11000011010100 (base 2) to base 4
-3003110
What is -102210011 (base 3) in base 9?
-12704
1a5 (base 12) to base 16
10d
What is 1341113 (base 5) in base 11?
19864
What is -648 (base 9) in base 3?
-201122
baec (base 15) to base 6
503153
-1505 (base 7) to base 5
-4333
Convert -37257 (base 9) to base 11.
-17868
Convert -320 (base 10) to base 15.
-165
Convert 9679 (base 13) to base 8.
50627
Convert 70 (base 14) to base 11.
8a
What is -4123443 (base 5) in base 9?
-112368
Convert -604 (base 14) to base 6.
-5244
What is -10010010000110 (base 2) in base 6?
-111142
-1308 (base 12) to base 14
-b0c
What is 342 (base 15) in base 10?
737
Convert -500 (base 11) to base 12.
-425
Convert -2b5 (base 15) to base 13.
-389
366 (base 15) to base 16
303
Convert 302311 (base 4) to base 13.
1633
Convert 1136a (base 16) to base 8.
211552
420300 (base 5) to base 16
3601
What is 1111001011110100 (base 2) in base 4?
33023310
What is 859d (base 14) in base 10?
23071
What is -237a (base 16) in base 12?
-530a
Convert 1bbb (base 16) to base 13.
3301
714 (base 14) to base 10
1390
-72380 (base 10) to base 4
-101222330
What is -14621 (base 8) in base 9?
-8872
What is 2ad6 (base 14) in base 10?
7636
Convert -112631 (base 7) to base 14.
-7518
-11414 (base 7) to base 4
-232013
What is 35476 (base 9) in base 2?
101110010101001
What is -37655 (base 8) in base 15?
-4c6b
What is 1000001 (base 3) in base 6?
3214
What is -2abf (base 16) in base 7?
-43622
2464 (base 10) to base 12
1514
Convert 322a (base 13) to base 7.
26210
What is 212413 (base 5) in base 7?
30042
-17d5 (base 16) to base 9
-8328
What is 132314 (base 6) in base 16?
2fb6
12aa9 (base 11) to base 16
48c8
2ac (base 13) to base 9
583
1212222 (base 3) to base 6
10212
What is 113221 (base 4) in base 9?
2061
What is -35514 (base 7) in base 8?
-21726
-2025 (base 14) to base 10
-5521
Convert 3563 (base 8) to base 16.
773
Convert -b94b (base 13) to base 5.
-1311001
What is -13404 (base 5) in base 11?
-914
What is -4046 (base 7) in base 13?
-842
What is -212002 (base 3) in base 6?
-2515
Convert d06 (base 14) to base 4.
213322
What is 1110101001 (base 2) in base 12?
661
Convert -33d (base 14) to base 7.
-1606
What is 13030 (base 4) in base 12?
324
What is -2012100 (base 3) in base 2?
-11001000010
Convert -1b5 (base 13) to base 15.
-162
What is -11110021 (base 3) in base 13?
-162a
-4d1 (base 14) to base 13
-595
What is 25c (base 13) in base 4?
12133
Convert 4101110 (base 5) to base 3.
10100020022
What is -10314 (base 5) in base 15?
-324
-200122 (base 3) to base 2
-111110111
What is 7618 (base 10) in base 15?
23cd
Convert 201430 (base 5) to base 16.
195a
Convert 199 (base 13) to base 5.
2140
-b9 (base 12) to base 13
-ab
Convert 14c (base 14) to base 3.
100210
What is -6101 (base 7) in base 11?
-1647
What is 1749 (base 10) in base 14?
8cd
Convert -101110001 (base 2) to base 15.
-199
Convert -1023 (base 12) to base 15.
-7c0
Convert 286 (base 9) to base 7.
462
-3403 (base 9) to base 16
-9d2
Convert -50 (base 10) to base 13.
-3b
1447 (base 12) to base 14
c07
Convert 33013 (base 4) to base 10.
967
Convert 44a (base 15) to base 7.
2554
What is 1c77 (base 15) in base 14?
237d
24c (base 14) to base 10
460
Convert 539 (base 15) to base 12.
823
-2129 (base 11) to base 3
-10212020
-7c7 (base 13) to base 6
-10122
What is -102032 (base 4) in base 6?
-5222
Convert -e4bc (base 15) to base 4.
-23303013
What is -2480 (base 10) in base 4?
-212300
1001001010 (base 2) to base 8
1112
Convert 1010 (base 8) to base 12.
374
Convert -12000000 (base 3) to base 9.
-5000
Convert 4dca (base 15) to base 9.
24711
Convert 1450 (base 7) to base 13.
352
-63377 (base 8) to base 4
-12123333
Convert -6451 (base 13) to base 9.
-21081
-115050 (base 8) to base 10
-39464
Convert 4143 (base 6) to base 2.
1110011111
Convert -39901 (base 10) to base 8.
-115735
Convert -780 (base 16) to base 15.
-880
36122 (base 7) to base 4
2101232
Convert 1ad3 (base 15) to base 11.
4414
Convert -2175 (base 13) to base 11.
-3556
What is 3386 (base 16) in base 5?
410230
Convert 105530 (base 6) to base 16.
235e
Convert -142021 (base 5) to base 13.
-28aa
What is 9a3 (base 12) in base 3?
1221120
Convert -ab75 (base 16) to base 7.
-241653
88a8 (base 12) to base 6
153532
What is -3578 (base 10) in base 12?
-20a2
Convert -268 (base 14) to base 9.
-587
-11111111010 (base 2) to base 12
-1222
What is 201004 (base 5) in base 8?
14353
-648 (base 10) to base 12
-460
1110100111011 (base 2) to base 9
11234
Convert -125 (base 8) to base 11.
-78
What is -10110111121 (base 3) in base 7?
-402505
218 (base 13) to base 2
101100111
-1073 (base 14) to base 6
-21101
What is -11735 (base 8) in base 14?
-1bd3
Convert 67203 (base 10) to base 9.
112160
What is -6257 (base 10) in base 11?
-4779
-83 (base 12) to base 14
-71
Convert 112 (base 12) to base 2.
10011110
-89 (base 14) to base 8
-171
-a40 (base 13) to base 6
-12022
-1cb (base 15) to base 11
-349
Convert -574 (base 11) to base 8.
-1256
Convert -5025 (base 10) to base 13.
-2397
What is 200000201 (base 3) in base 10?
13141
What is -9910 (base 11) in base 4?
-3030113
What is -43147 (base 8) in base 11?
-125a5
What is -112000 (base 3) in base 9?
-460
Convert 2200020 (base 3) to base 9.
2606
What is 41010 (base 5) in base 4?
221012
What is 5320 (base 7) in base 12?
1104
11220 (base 4) to base 3
111100
3177 (base 9) to base 16
922
1a2 (base 15) to base 5
3002
Convert -110011010 (base 2) to base 4.
-12122
10000011100110 (base 2) to base 4
2003212
3a25 (base 11) to base 7
21151
Convert 102012 (base 3) to base 6.
1222
Convert -330 (base 12) to base 8.
-724
Convert -a59 (base 13) to base 5.
-24024
Convert -311200 (base 4) to base 8.
-6540
24444 (base 6) to base 14
1472
13243 (base 5) to base 6
454